he greatest common factor of 90 and 1059?
3
What is the highest common factor of 2750 and 2140?
10
Calculate the highest common divisor of 171 and 80351.
19
Calculate the highest common factor of 752 and 89911.
47
Calculate the greatest common factor of 3573 and 3357.
9
Calculate the greatest common divisor of 2268 and 5208.
84
What is the highest common divisor of 9 and 35421?
3
Calculate the highest common factor of 112147 and 609.
7
Calculate the greatest common factor of 109 and 17.
1
What is the highest common divisor of 4205 and 20?
5
What is the highest common factor of 241808 and 32?
16
What is the highest common divisor of 4848 and 1104?
48
Calculate the highest common divisor of 512548 and 970.
194
What is the greatest common divisor of 194 and 1453351?
97
What is the greatest common divisor of 11655 and 72?
9
Calculate the greatest common divisor of 216324 and 72.
36
Calculate the greatest common divisor of 28360 and 4720.
40
What is the highest common factor of 301696 and 12?
4
What is the highest common divisor of 30481 and 425?
17
Calculate the greatest common divisor of 424232 and 152.
152
Calculate the greatest common divisor of 154 and 19074.
22
What is the highest common divisor of 2000 and 34250?
250
Calculate the greatest common divisor of 558210 and 207.
69
What is the highest common divisor of 11 and 2704449?
11
What is the greatest common divisor of 2032228 and 11?
11
What is the highest common factor of 50 and 53770?
10
What is the greatest common factor of 16 and 526640?
16
What is the greatest common divisor of 403 and 32798?
31
Calculate the highest common divisor of 906 and 19781.
151
Calculate the greatest common divisor of 48 and 78040.
8
What is the highest common factor of 712 and 162692?
356
Calculate the greatest common divisor of 12 and 201972.
12
What is the greatest common factor of 240 and 303740?
20
What is the greatest common factor of 51786 and 15750?
126
What is the highest common divisor of 279 and 11439?
279
What is the greatest common factor of 20075 and 143?
11
Calculate the greatest common factor of 13728 and 9141.
33
What is the greatest common divisor of 28 and 665028?
28
What is the highest common factor of 396 and 2018214?
198
What is the greatest common factor of 209 and 31673?
19
What is the highest common divisor of 3584 and 434?
14
What is the highest common factor of 153 and 36788?
17
What is the highest common divisor of 181656 and 1944?
216
What is the highest common divisor of 29601 and 11?
11
Calculate the highest common divisor of 11316 and 697.
41
Calculate the greatest common divisor of 686 and 13664.
14
What is the greatest common factor of 13675 and 7650?
25
What is the greatest common factor of 3512450 and 10?
10
What is the greatest common divisor of 28535 and 1105?
65
Calculate the highest common divisor of 24553 and 161593.
571
What is the greatest common divisor of 11 and 61501?
11
What is the highest common divisor of 21204 and 1860?
372
What is the greatest common divisor of 38380 and 35?
5
Calculate the greatest common divisor of 777 and 146631.
111
What is the highest common factor of 777 and 15207?
111
Calculate the greatest common divisor of 15928 and 2684.
44
What is the greatest common divisor of 490 and 794290?
490
What is the highest common divisor of 3 and 10044?
3
Calculate the greatest common divisor of 2720 and 904672.
544
Calculate the highest common factor of 1121 and 4189.
59
Calculate the highest common divisor of 329218 and 194.
194
What is the greatest common factor of 95 and 1064?
19
What is the highest common factor of 1 and 157302?
1
What is the highest common factor of 21 and 1659?
21
What is the highest common divisor of 70 and 2023?
7
What is the highest common divisor of 162534 and 72588?
1578
Calculate the greatest common factor of 14710 and 1870.
10
Calculate the greatest common divisor of 155 and 1835.
5
What is the greatest common divisor of 470055 and 375?
15
What is the highest common divisor of 16304 and 768?
16
What is the highest common factor of 544 and 2958?
34
What is the greatest common factor of 7837 and 5?
1
Calculate the greatest common factor of 133 and 17403183.
133
Calculate the greatest common divisor of 3472 and 70742.
434
What is the highest common factor of 1514214 and 390?
78
What is the highest common factor of 67192 and 407?
37
What is the highest common factor of 253 and 132066?
253
What is the highest common factor of 364420 and 700?
140
Calculate the highest common divisor of 5282 and 78674.
278
What is the greatest common factor of 80 and 440688?
16
What is the greatest common factor of 145 and 14384?
29
Calculate the greatest common divisor of 1463 and 890549.
209
Calculate the greatest common divisor of 653 and 627533.
653
What is the highest common divisor of 408 and 8424?
24
What is the greatest common divisor of 269797 and 44?
11
Calculate the highest common divisor of 18 and 171702.
18
Calculate the greatest common factor of 1748 and 1196.
92
Calculate the highest common factor of 14179 and 572.
11
What is the greatest common factor of 53320 and 15?
5
What is the highest common divisor of 54672 and 1326?
102
What is the greatest common factor of 85 and 116?
1
What is the greatest common factor of 112 and 854?
14
What is the greatest common divisor of 230164 and 704?
44
What is the highest common divisor of 1028904 and 84?
12
Calculate the greatest common divisor of 4294 and 52771.
113
Calculate the greatest common divisor of 9376 and 71328.
32
Calculate the greatest common divisor of 6647 and 782.
391
What is the highest common factor of 944722 and 15129?
1681
What is the greatest common factor of 43305 and 285?
15
Calculate the highest common factor of 36 and 1433188.
4
Calculate the highest common divisor of 82251 and 114.
57
What is the highest common divisor of 53314 and 1708?
122
Calculate the greatest common factor of 21725 and 9559.
869
What is the highest common divisor of 534150 and 387?
9
Calculate the highest common divisor of 1911 and 734853.
147
Calculate the highest common divisor of 1504 and 14429.
47
Calculate the highest common factor of 75180 and 4020.
60
Calculate the highest common factor of 39245 and 334.
167
Calculate the highest common divisor of 947814 and 126.
42
What is the highest common divisor of 2351239 and 583?
583
What is the greatest common divisor of 423653 and 41?
41
Calculate the greatest common divisor of 660 and 361680.
660
Calculate the greatest common divisor of 4420 and 32960.
20
Calculate the highest common divisor of 5014 and 345.
23
Calculate the highest common divisor of 15975 and 3600.
225
Calculate the highest common factor of 7676 and 9500.
76
Calculate the greatest common divisor of 1873861 and 11.
11
Calculate the highest common factor of 112636 and 58.
58
Calculate the greatest common factor of 215095 and 65.
5
What is the greatest common factor of 26004308 and 737?
737
What is the highest common factor of 520 and 184?
8
What is the highest common factor of 119655 and 30?
15
What is the greatest common factor of 74305 and 2310?
385
What is the highest common factor of 10550 and 450?
50
What is the greatest common divisor of 254 and 694?
2
Calculate the greatest common divisor of 384 and 2868.
12
What is the greatest common divisor of 92853 and 362?
181
Calculate the highest common factor of 5339 and 76.
19
What is the highest common factor of 2648454 and 87?
87
Calculate the highest common factor of 84 and 443205.
21
Calculate the highest common divisor of 1224 and 20250.
18
Calculate the greatest common divisor of 48866 and 39538.
106
Calculate the highest common divisor of 402 and 1843438.
134
Calculate the greatest common factor of 8425 and 45495.
1685
What is the highest common divisor of 3182677 and 62?
31
Calculate the greatest common factor of 582637 and 143.
11
Calculate the greatest common factor of 11145 and 45.
15
What is the greatest common divisor of 57220 and 5?
5
Calculate the highest common factor of 148527 and 756.
27
Calculate the highest common divisor of 7007 and 208.
13
What is the greatest common factor of 12266 and 74?
2
Calculate the highest common factor of 75 and 3669.
3
What is the greatest common factor of 721 and 2138177?
103
Wha